ghest common factor of 222 and 814?
74
Calculate the greatest common divisor of 322 and 168.
14
What is the highest common factor of 96 and 816?
48
What is the highest common divisor of 48 and 72?
24
Calculate the greatest common factor of 209 and 11.
11
Calculate the highest common factor of 48 and 45360.
48
What is the highest common divisor of 27 and 351?
27
Calculate the greatest common factor of 1584 and 32.
16
What is the greatest common divisor of 35252 and 56?
28
Calculate the greatest common divisor of 525 and 1500.
75
What is the highest common factor of 6307 and 51?
17
What is the greatest common factor of 190 and 40?
10
Calculate the highest common factor of 54 and 45.
9
Calculate the greatest common factor of 96 and 5028.
12
Calculate the greatest common divisor of 597 and 3.
3
Calculate the highest common factor of 6 and 3474.
6
Calculate the highest common factor of 285 and 969.
57
What is the highest common divisor of 9717 and 123?
123
Calculate the highest common divisor of 513 and 3429.
27
What is the highest common divisor of 896 and 70?
14
What is the greatest common factor of 1536 and 12?
12
What is the greatest common factor of 7 and 735?
7
Calculate the greatest common divisor of 192 and 432.
48
What is the highest common divisor of 2041 and 442?
13
What is the greatest common factor of 76 and 418?
38
Calculate the highest common divisor of 686 and 266.
14
Calculate the highest common divisor of 120 and 285.
15
Calculate the greatest common divisor of 59 and 1593.
59
What is the greatest common factor of 135 and 1020?
15
Calculate the greatest common factor of 24 and 3.
3
Calculate the highest common divisor of 5709 and 66.
33
What is the greatest common divisor of 10675 and 305?
305
Calculate the highest common divisor of 14 and 14.
14
Calculate the highest common factor of 183 and 1403.
61
Calculate the highest common divisor of 475 and 25.
25
Calculate the greatest common divisor of 481 and 333.
37
Calculate the highest common divisor of 645 and 903.
129
Calculate the greatest common factor of 54 and 1182.
6
Calculate the greatest common divisor of 3072 and 12.
12
Calculate the greatest common divisor of 90 and 1230.
30
What is the greatest common factor of 1200 and 4440?
120
What is the highest common divisor of 9112 and 204?
68
What is the greatest common factor of 4540 and 20?
20
What is the highest common factor of 2314 and 890?
178
Calculate the highest common divisor of 5192 and 33.
11
Calculate the greatest common factor of 78 and 52.
26
What is the highest common divisor of 420 and 252?
84
What is the highest common factor of 13 and 3133?
13
What is the greatest common factor of 156 and 104?
52
Calculate the greatest common factor of 1000 and 40.
40
What is the highest common divisor of 22 and 187?
11
Calculate the highest common divisor of 6420 and 240.
60
Calculate the greatest common factor of 201 and 3216.
201
What is the highest common factor of 3723 and 153?
51
Calculate the greatest common factor of 21 and 35.
7
What is the highest common divisor of 11 and 19?
1
What is the greatest common factor of 900 and 2340?
180
Calculate the greatest common divisor of 57 and 1083.
57
Calculate the greatest common divisor of 108 and 222.
6
What is the highest common factor of 68 and 51?
17
What is the greatest common divisor of 8362 and 185?
37
What is the highest common factor of 27513 and 54?
27
What is the greatest common divisor of 205 and 369?
41
What is the highest common factor of 34 and 850?
34
What is the highest common divisor of 1225 and 75?
25
Calculate the highest common divisor of 192 and 6464.
64
What is the highest common factor of 391 and 69?
23
Calculate the highest common factor of 21 and 4445.
7
Calculate the greatest common divisor of 1792 and 35.
7
Calculate the highest common factor of 8 and 18.
2
What is the highest common divisor of 15 and 96?
3
Calculate the greatest common factor of 4 and 9240.
4
What is the greatest common factor of 20480 and 320?
320
Calculate the highest common divisor of 10829 and 52.
13
What is the greatest common divisor of 767 and 2183?
59
Calculate the greatest common factor of 20 and 830.
10
What is the greatest common factor of 24 and 42?
6
What is the greatest common divisor of 64 and 160?
32
Calculate the greatest common factor of 864 and 27.
27
What is the greatest common divisor of 286 and 442?
26
Calculate the highest common divisor of 43045 and 5.
5
Calculate the highest common factor of 33 and 44.
11
What is the highest common divisor of 629 and 111?
37
What is the highest common divisor of 27 and 45?
9
What is the highest common factor of 529 and 46?
23
What is the highest common divisor of 442 and 286?
26
What is the highest common factor of 400 and 350?
50
Calculate the highest common factor of 13 and 15561.
13
Calculate the greatest common divisor of 628 and 12403.
157
What is the greatest common divisor of 80 and 620?
20
Calculate the greatest common factor of 1435 and 779.
41
What is the greatest common divisor of 56 and 308?
28
What is the greatest common divisor of 26 and 351?
13
What is the highest common factor of 54 and 1242?
54
Calculate the highest common divisor of 36 and 2574.
18
What is the highest common divisor of 224 and 4984?
56
Calculate the greatest common divisor of 4 and 74.
2
Calculate the greatest common divisor of 5130 and 10.
10
Calculate the greatest common divisor of 392 and 40.
8
What is the highest common factor of 1 and 8?
1
Calculate the highest common factor of 20 and 2620.
20
What is the greatest common factor of 352 and 33?
11
What is the highest common divisor of 32 and 760?
8
What is the highest common factor of 9 and 12?
3
What is the highest common divisor of 22 and 80?
2
Calculate the greatest common divisor of 32 and 5048.
8
Calculate the greatest common factor of 17 and 3604.
17
Calculate the greatest common factor of 10 and 28500.
10
Calculate the greatest common divisor of 98 and 5243.
49
What is the highest common factor of 2639 and 1421?
203
What is the greatest common factor of 1600 and 50?
50
Calculate the greatest common divisor of 23 and 8257.
23
Calculate the greatest common divisor of 44 and 34804.
44
Calculate the highest common factor of 85 and 595.
85
What is the highest common divisor of 27 and 7317?
27
Calculate the highest common divisor of 1653 and 38.
19
What is the greatest common divisor of 1851 and 3?
3
Calculate the greatest common divisor of 6643 and 91.
91
What is the highest common divisor of 30 and 1590?
30
What is the highest common divisor of 144 and 112?
16
What is the highest common divisor of 61 and 1403?
61
Calculate the greatest common divisor of 4 and 236.
4
Calculate the highest common divisor of 615 and 1353.
123
Calculate the highest common divisor of 217 and 28.
7
What is the highest common divisor of 36 and 3474?
18
What is the greatest common factor of 432 and 135?
27
What is the greatest common factor of 115 and 3565?
115
Calculate the highest common factor of 18 and 5466.
6
What is the greatest common factor of 714 and 399?
21
Calculate the greatest common divisor of 46 and 2967.
23
Calculate the highest common divisor of 51 and 2.
1
What is the greatest common factor of 528 and 44?
44
What is the highest common factor of 31 and 6169?
31
Calculate the highest common divisor of 7077 and 28.
7
Calculate the greatest common factor of 171 and 19152.
171
What is the greatest common divisor of 19 and 1?
1
What is the highest common factor of 95 and 171?
19
Calculate the highest common factor of 459 and 432.
27
What is the greatest common factor of 1710 and 1035?
45
Calculate the highest common divisor of 77 and 55.
11
Calculate the greatest common divisor of 406 and 28.
14
What is the highest common factor of 105 and 189?
21
Calculate the greatest common divisor of 50 and 1.
1
What is the greatest common divisor of 7 and 1631?
7
Calculate the highest common divisor of 210 and 560.
70
What is the highest common factor of 16 and 296?
8
What is the greatest common factor of 2124 and 6?
6
What is the highest common factor of 70391 and 43?
43
What is the highest common divisor of 32 and 40?
8
What is the greatest common divisor of 115 and 23?
23
Calculate the highest common fa